{"id":2,"date":"2021-02-18T09:05:28","date_gmt":"2021-02-18T08:05:28","guid":{"rendered":"http:\/\/ociriznews.ovh\/?page_id=2"},"modified":"2021-03-09T09:56:57","modified_gmt":"2021-03-09T08:56:57","slug":"page-d-exemple","status":"publish","type":"page","link":"https:\/\/ociriznews.ovh\/index.php\/page-d-exemple\/","title":{"rendered":"Accueil"},"content":{"rendered":"\n<p>OCIRIZ&nbsp;est une organisation qui a pour but de soutenir de petits projets \u00e0 taille humaine dans diff\u00e9rents pays en voie de d\u00e9veloppement \u00e0 travers le monde. Parce que nous sommes anim\u00e9s par la conviction que le monde est un grand village, nous pensons qu\u2019il est important de soutenir nos voisins du monde dans leurs efforts pour rendre leur vie meilleure. Vous ne le savez peut-\u00eatre pas, mais&nbsp;OCIRIZ&nbsp;est la seule organisation Louvi\u00e9roise \u00e0 \u00eatre&nbsp;reconnue au niveau national comme une ONG !&nbsp;Ses membres sont tous b\u00e9n\u00e9voles, ce qui permet de garantir qu\u2019un euro r\u00e9colt\u00e9 sera un euro revers\u00e9 \u00e0 un projet.<\/p>\n\n\n\n<p>Pour nous soutenir, vous pouvez verser vos dons sur le compte ci-dessous.<br>BE31-0000-0001-5255<\/p>\n","protected":false},"excerpt":{"rendered":"<p>OCIRIZ&nbsp;est une organisation qui a pour but de soutenir de petits projets \u00e0 taille humaine<\/p>\n","protected":false},"author":1,"featured_media":0,"parent":0,"menu_order":0,"comment_status":"closed","ping_status":"open","template":"","meta":[],"_links":{"self":[{"href":"https:\/\/ociriznews.ovh\/index.php\/wp-json\/wp\/v2\/pages\/2"}],"collection":[{"href":"https:\/\/ociriznews.ovh\/index.php\/wp-json\/wp\/v2\/pages"}],"about":[{"href":"https:\/\/ociriznews.ovh\/index.php\/wp-json\/wp\/v2\/types\/page"}],"author":[{"embeddable":true,"href":"https:\/\/ociriznews.ovh\/index.php\/wp-json\/wp\/v2\/users\/1"}],"replies":[{"embeddable":true,"href":"https:\/\/ociriznews.ovh\/index.php\/wp-json\/wp\/v2\/comments?post=2"}],"version-history":[{"count":3,"href":"https:\/\/ociriznews.ovh\/index.php\/wp-json\/wp\/v2\/pages\/2\/revisions"}],"predecessor-version":[{"id":114,"href":"https:\/\/ociriznews.ovh\/index.php\/wp-json\/wp\/v2\/pages\/2\/revisions\/114"}],"wp:attachment":[{"href":"https:\/\/ociriznews.ovh\/index.php\/wp-json\/wp\/v2\/media?parent=2"}],"curies":[{"name":"wp","href":"https:\/\/api.w.org\/{rel}","templated":true}]}}